?
4
Let y(x) = -x**2 + 10*x + 2. Let k(l) = 3*l**2 - 30*l - 6. Let z(c) = 2*k(c) + 7*y(c). Calculate z(10).
2
Let a(w) = w**3 + 5*w**2 + 4*w + 69. Let h be a(-6). Let x(t) = -3*t + 5. Calculate x(h).
-22
Let x(m) be the third derivative of -m**5/6 - m**4/12 - m**3/6 + m**2 + 61*m. What is x(-1)?
-9
Let o(n) = n**2 - 7*n + 5. Let p be o(4). Let k(j) be the third derivative of -j**5/60 - 7*j**4/24 + 255*j**2 - j. Give k(p).
0
Let u(o) = -2*o**2 - 6*o + 7. Let j be ((-85)/20)/17 - 19/4. Calculate u(j).
-13
Let d(c) = -8 + 6*c - 7 - 7 + 12. Determine d(7).
32
Let p(n) be the second derivative of -n**6/360 - 3*n**5/40 - 5*n**4/24 + 5*n**3 + 16*n. Let t(q) be the second derivative of p(q). Give t(-8).
3
Suppose 0*a - 8 = -3*m - 2*a, a - 4 = 2*m. Let s(c) = 2*c - 2 - c + m*c. Give s(1).
-1
Let b(j) = -j**2 + j - 27. Let c be (0 + 1)*0/1. What is b(c)?
-27
Let k(h) = 82*h**2 - 7*h - 80*h**2 - 3 - h. Give k(6).
21
Let k(x) = x**3 + 10*x**2 - 11*x + 2. Suppose 0 = 3*o + 5 + 28. What is k(o)?
2
Let i(l) = l - 15. Let h be i(20). Let p(f) = f**3 + f**2 - f - 1. Let o(k) = 3*k**3 - 3*k**2 - 4*k + 1. Let c(w) = -o(w) + 2*p(w). Determine c(h).
7
Let d(q) = -2*q**2 + 5*q - 2. Suppose 0 = -5*m + 22 - 2. Suppose 2*j = -x - 2*j - 18, -m*x - 2*j = 16. Let y be -2*x/(-8)*-6. Give d(y).
-5
Let o(z) = -11*z - 151 - z**2 + 151 + 7*z. Let b be (-28)/6 + 2/(-6). Determine o(b).
-5
Suppose -21*b - 8 = -22*b. Let w(m) = -b*m**3 + m**2 - 1 + 7*m**3 + 2 - 2*m. Let r = -3 + 4. Calculate w(r).
-1
Let j(n) = -13 - 12 - 14 + 37 + 14*n. Give j(2).
26
Suppose 10*r = -r + 22. Let f be (1/2)/((-1)/(-14)). Suppose d - 5*x = f, 2*x + r = d + 1. Let c(n) = 2*n + 4. What is c(d)?
-2
Suppose g + 2*a + 0*a = 1, -a = 1. Suppose 3*w + 5 = -5*i, -i - 5*w - 21 = i. Let t(l) = -i*l + 1 - 6*l - 2 + 4*l. Give t(g).
-13
Let h be 6 - 2 - 1*(-2 + -1). Let r be (1 + 1)/(5 - 3). Let c(w) = 1 - r + h*w - 7 - 5*w. Calculate c(5).
3
Let c be (-2)/8 + (-21)/(-4). Suppose 6 - 21 = -c*g. Suppose 0 = 5*w - 0*p + p + 11, g*p + 3 = -5*w. Let q(a) = a**3 + 3*a**2 - 4. What is q(w)?
-4
Let n be (-1 - -1)/(-4) + 3. Let t be -2 + (-2 - 0) + n. Let h(r) = 7*r + 1 - 12*r + 14*r. What is h(t)?
-8
Let b(j) = -3*j + 2. Let h(u) = -2*u - 3. Let d(a) = -b(a) + 2*h(a). Give d(-4).
-4
Suppose -5*f + 45 = -x, -3*f + 10 + 4 = 2*x. Let u(h) = -2*h + 12. Let l be u(f). Let o = -3 - l. Let r(m) = -6*m + 1. Calculate r(o).
-5
Let s = 6 - 3. Suppose -u = -0*u + s. Let b(g) = -5*g**2 - 2*g + 4. Let r(w) = 6*w**2 + 2*w - 4. Let y(z) = -5*b(z) - 4*r(z). Determine y(u).
-1
Let x(n) = 35*n - 1 - 14*n - 11*n. Give x(-4).
-41
Suppose -25*z = -10 + 110. Let l(r) = -r - 1. Calculate l(z).
3
Let c(h) be the second derivative of h**5/20 + h**4/3 - 2*h**3/3 + 3*h**2/2 - 84*h. What is c(2)?
19
Let s(g) = -2 - 7*g - 9*g + 13*g - 2*g + g**2. Let o be s(7). Let l(x) = x**2 - 12*x. Calculate l(o).
0
Let f(s) = -34*s**3 + 16*s**3 + 13 - 18 - s + 17*s**3 + 6*s**2. Let o = 26 + -86. Let n be (2/(-4))/(5/o). What is f(n)?
-11
Let v(f) be the first derivative of f**2/2 - 15. Let p be 1/(3 - 2 - 2). Give v(p).
-1
Let u(d) = d**2 - 6*d - 5. Let l(i) = i**3 - 3*i**2 + 3*i - 3. Let m be l(3). Suppose -y + 1 + m = 0. Suppose 30 = y*o - 2*o. Calculate u(o).
-5
Suppose 4*u - 2*u - 18 = 0. Suppose -7*y + u + 5 = 0. Let v(w) = 2*w**2 - w + 2. What is v(y)?
8
Let o be 12/8*-6*20/(-45). Let u(p) = -p**3 + p**2 + 6*p - 5. What is u(o)?
-29
Let w(c) be the first derivative of c**2 - 12*c + 179. Determine w(10).
8
Let w(g) = -g - 4. Let o(h) = -6*h - 5. Let f(n) = -n. Let u(y) = 5*f(y) - o(y). Let p(v) = 4*u(v) + 5*w(v). Calculate p(-2).
2
Let q be (-2)/5 + 55/75. Let i(a) be the first derivative of -9 + 1/2*a**2 + q*a**3 + 4*a. Calculate i(0).
4
Let p(w) = -7 - 2 - 2*w + 3. Let h(k) = -k**2 + 22*k - 37. Let g be h(12). Let r = 77 - g. Determine p(r).
6
Let u(l) = 19*l. Suppose 5*v + 12 - 2 = -5*h, -4*h - 2 = -2*v. Determine u(h).
-19
Let c(y) = y**3 - 8*y**2 + y - 9. Suppose 16 = -185*r + 187*r. Determine c(r).
-1
Let y(b) be the first derivative of -18*b - 3 + 15/2*b**2 - 1/3*b**3. Let k be y(14). Let x(j) = -j**3 - 4*j**2 - 2*j - 4. What is x(k)?
4
Suppose o = 6*o - 15. Suppose 0 = 5*c - 2*u, 2*c + u + 24 = -o*u. Let w be (-24)/(-4)*c/4. Let v(n) = -n**3 - 2*n**2 + n - 4. What is v(w)?
2
Let t(w) = 2*w - 1. Let y(o) = 4*o - 54. Let v be y(13). What is t(v)?
-5
Suppose c = 1 + 1. Let l(k) = 163 + 3*k**c - 81 - 76 - 2*k**2. Determine l(0).
6
Let i(w) = -w**2 - w + 8. Suppose -2*j + j + 10 = 0. Suppose 4*f - 10 + j = 0. Determine i(f).
8
Let t(a) = 0*a**3 - 6 - a**3 + 461*a + 8*a**2 + 3 - 2 - 474*a. What is t(6)?
-11
Let c be (-2)/(-3)*(15 + -3). Let r be 48/56*7 - 1. Suppose r*h + c = h. Let o(u) = -9*u - 3. Determine o(h).
15
Let u(t) be the third derivative of t**6/24 - t**3/6 + 12*t**2. What is u(1)?
4
Let w be -4*((-10)/4 + 3). Let a(o) = 1. Let t(g) be the second derivative of g**4/12 + 2*g**3/3 + g**2/2 + g. Let x(i) = 2*a(i) - t(i). Give x(w).
5
Let p(t) be the second derivative of -t**5/20 - t**4/2 + 7*t**3/6 + t**2/2 - 654*t. Calculate p(-7).
1
Let l be ((-6)/(-12))/(85/(-80) + 1). Let j(u) = -u**2 - 12*u - 35. Give j(l).
-3
Let s(g) = g**2 + 12*g + 10. Let y be s(-11). Let v(r) = 2*r**3 + r + 1. Give v(y).
-2
Let y(w) = -w**2 + 3*w - 2. Let x(q) = q**2 + 3*q - 8. Let z be x(-5). Let m(b) = 5*b**2 - 12*b + 7. Let a(i) = z*m(i) + 9*y(i). What is a(-5)?
6
Let s(g) = g**2. Let q(m) = -m - 5. Let a(v) = v + 1. Let n(h) = -2*a(h) - q(h). Let x(c) = -c + 2. Let o(d) = -5*n(d) + 4*x(d). Let j be o(6). Give s(j).
1
Let d(z) = 25*z - 23. Let t(k) = -9*k + 9. Let x(w) = -4*d(w) - 11*t(w). Determine x(-7).
0
Let y(c) be the third derivative of c**6/80 - c**4/2 + 16*c**2. Let v(q) be the second derivative of y(q). Give v(-1).
-9
Suppose -11*j = 37*j + 144. Let b(h) = -h + 4. Determine b(j).
7
Let u(s) = s**3 - 6*s**2 - s + 2. Let k(z) = z**2 - 13*z + 24. Let n be k(10). Suppose v = 5*o, 2*v + v - o = 0. Let a = v - n. Determine u(a).
-4
Let r(l) be the third derivative of -l**6/12 - l**5/60 + l**4/12 - l**3/6 - 136*l**2 - 2. Determine r(1).
-10
Let o = 2 - -3. Suppose -q = o*w - 21, -5*w - q + 45 = -6*q. Let p = w - 4. Let f(h) = -10*h**3 - h**2 - h + 1. Determine f(p).
-11
Let m(f) be the third derivative of -f**6/120 + f**5/12 - 5*f**4/24 - f**3/6 - 26*f**2. Let n = -47 - -51. What is m(n)?
-5
Let v(f) = -f**3 - f**2 - f + 6. Let r = 136 + -88. Let b = r - 48. What is v(b)?
6
Let h be 4/(-3)*(7 + 119/(-14)). Let l(p) = 4*p**h - 1 - 3*p**2 - 2*p**2 + 0*p - p. Let s(t) = t**2 - 6*t + 2. Let b be s(5). Give l(b).
-7
Suppose -3 = 4*l - 15. Let d(t) = t**3 + 3*t - 6. Let f(k) = -k**2 - k + 1. Let x(u) = d(u) + 2*f(u). Calculate x(l).
8
Let d(y) = y**2 - y - 3. Let t be ((-3)/(-4))/((-1)/(-4)). Suppose 4*b - 3 = -t*l, 3*l - 5*b + 24 = -0*b. Let o = 0 + l. Calculate d(o).
9
Suppose -44 = 4*n + 2*q, 0 = -6*q + 7*q + 4. Let t(v) = -2*v - 10. Determine t(n).
8
Let l(f) be the first derivative of f**4/4 + 8*f**3/3 - 11*f**2/2 - 8*f + 78. Determine l(-9).
10
Let k(m) = m - 3. Suppose s = g + 7 + 8, -g + 2*s - 10 = 0. Determine k(g).
-23
Let q(w) = -24*w**3 + 4*w**2 - 2*w - 6. Let l(x) = -49*x**3 + 7*x**2 - 3*x - 10. Let n(j) = -3*l(j) + 5*q(j). Determine n(-1).
-27
Let q(o) = -5*o**3 + 13*o**2 + 12*o - 4. Let s(d) = -14*d**3 + 38*d**2 + 35*d - 13. Let z(i) = 17*q(i) - 6*s(i). Calculate z(-5).
-10
Let s(y) be the second derivative of y**3/6 - 5*y**2 + 366*y. Calculate s(-4).
-14
Suppose -2917 = 9*q - 2854. Let m(o) = o**3 + 6*o**2 - 11*o - 9. What is m(q)?
19
Let o(q) = 5*q + 55. Let x = -411 - -399. Determine o(x).
-5
Let i(s) = 20*s**2 + 2*s + 1. Let g = -16 - -15. Let f be i(g). Let u = -20 + f. Let x(l) = 6*l + 1. Calculate x(u).
-5
Let i(v) = 2*v**2 + 4*v + 4 - 3*v**2 + 2*v**2. Let d(r) = r**3 + 11*r**2 - 26*r + 18. Let l be d(-13). Let b be (l/15)/(5/((-25)/2)). Calculate i(b).
1
Let i(d) = -6 - 4*d + 11*d + 1 + 4. Let o be 34/(-10) + (-2)/(-5). Let h be o/1*(-4)/12. Determine i(h).
6
Suppose -r + 20 = -4*g, 2*r + 2*r - 4*g = 32. Suppose -r*j = -s - 3*s - 104, -j - 3*s = -14. Let n = j + -23. Let m(l) = -l**3 + l**2 - 9. Determine m(n).
-9
Let i(c) = -c - 11. Let z be 0 + (1 + 2)/(-3). Let l(a) = 1. Let h(x) = z*i(x) - 6*l(x). What is h(-4)?
1
Suppose h = -0*h - 1